037?
53, 90529
List the prime factors of 14694133.
14694133
What are the prime factors of 7417372?
2, 17, 19, 5741
List the prime factors of 875970.
2, 3, 5, 9733
List the prime factors of 981788.
2, 71, 3457
What are the prime factors of 106407?
3, 7, 563
List the prime factors of 177742.
2, 181, 491
List the prime factors of 1480273.
1480273
List the prime factors of 527153.
11, 17, 2819
What are the prime factors of 1858100?
2, 5, 17, 1093
List the prime factors of 14022258.
2, 3, 2337043
List the prime factors of 1785662.
2, 31, 83, 347
List the prime factors of 165368.
2, 7, 2953
What are the prime factors of 23420615?
5, 4684123
List the prime factors of 2332608.
2, 3, 12149
List the prime factors of 2203143.
3, 734381
List the prime factors of 6105301.
6105301
What are the prime factors of 767319?
3, 7, 61, 599
What are the prime factors of 855040?
2, 5, 167
List the prime factors of 324251.
324251
What are the prime factors of 12399340?
2, 5, 619967
What are the prime factors of 5933568?
2, 3, 3863
List the prime factors of 213321.
3, 211, 337
What are the prime factors of 186776?
2, 37, 631
What are the prime factors of 11895172?
2, 17, 174929
What are the prime factors of 858648?
2, 3, 7, 19, 269
List the prime factors of 23033.
31, 743
What are the prime factors of 9516885?
3, 5, 7, 233, 389
What are the prime factors of 227329?
281, 809
List the prime factors of 2796273.
3, 310697
What are the prime factors of 1836348?
2, 3, 137, 1117
List the prime factors of 84407.
84407
List the prime factors of 3731951.
619, 6029
What are the prime factors of 6759904?
2, 211247
List the prime factors of 478939.
409, 1171
What are the prime factors of 11006631?
3, 29, 14057
What are the prime factors of 135501?
3, 31, 47
List the prime factors of 13251552.
2, 3, 223, 619
List the prime factors of 223136.
2, 19, 367
List the prime factors of 12936.
2, 3, 7, 11
List the prime factors of 2199290.
2, 5, 17, 761
List the prime factors of 241877.
241877
List the prime factors of 3224586.
2, 3, 59, 9109
What are the prime factors of 2272122?
2, 3, 126229
List the prime factors of 361530.
2, 3, 5, 13, 103
List the prime factors of 20350302.
2, 3, 7, 484531
What are the prime factors of 139752?
2, 3, 647
List the prime factors of 878737.
878737
List the prime factors of 333694.
2, 166847
List the prime factors of 6326339.
6326339
List the prime factors of 17407214.
2, 11, 53, 14929
List the prime factors of 461986.
2, 7, 32999
List the prime factors of 1367662.
2, 683831
What are the prime factors of 4274378?
2, 17, 125717
List the prime factors of 833146.
2, 416573
What are the prime factors of 1581672?
2, 3, 59, 1117
What are the prime factors of 392309?
17, 47, 491
List the prime factors of 1858690.
2, 5, 185869
List the prime factors of 18039.
3, 7, 859
What are the prime factors of 593091?
3, 65899
What are the prime factors of 2062116?
2, 3, 7, 167
What are the prime factors of 2714155?
5, 542831
What are the prime factors of 275774?
2, 17, 8111
List the prime factors of 2052700.
2, 5, 13, 1579
List the prime factors of 8451.
3, 313
List the prime factors of 47718.
2, 3, 11, 241
What are the prime factors of 1473706?
2, 13, 56681
List the prime factors of 23328785.
5, 23, 202859
List the prime factors of 743671.
743671
List the prime factors of 6307443.
3, 233609
List the prime factors of 236869.
236869
What are the prime factors of 39653?
19, 2087
What are the prime factors of 186969?
3, 62323
What are the prime factors of 1197529?
241, 4969
What are the prime factors of 1735649?
17, 23, 193
List the prime factors of 885748.
2, 79, 2803
What are the prime factors of 4286565?
3, 5, 95257
List the prime factors of 80431.
13, 23, 269
What are the prime factors of 305386?
2, 43, 53, 67
List the prime factors of 2231314.
2, 1115657
What are the prime factors of 1447888?
2, 13, 6961
What are the prime factors of 5618487?
3, 7, 37, 1033
List the prime factors of 27322794.
2, 3, 1517933
What are the prime factors of 559236?
2, 3, 29, 1607
List the prime factors of 140216.
2, 17, 1031
What are the prime factors of 8745271?
2039, 4289
List the prime factors of 81247.
113, 719
What are the prime factors of 710213?
7, 71, 1429
List the prime factors of 2126711.
41, 51871
List the prime factors of 2600928.
2, 3, 11, 821
What are the prime factors of 268420?
2, 5, 13421
What are the prime factors of 62858?
2, 53, 593
List the prime factors of 105064.
2, 23, 571
List the prime factors of 2724210.
2, 3, 5, 30269
What are the prime factors of 657485?
5, 131497
List the prime factors of 1839462.
2, 3, 306577
List the prime factors of 805368.
2, 3, 23, 1459
What are the prime factors of 387982?
2, 7, 37, 107
What are the prime factors of 40267893?
3, 13422631
List the prime factors of 7146.
2, 3, 397
List the prime factors of 248777.
193, 1289
What are the prime factors of 3206263?
349, 9187
List the prime factors of 7094.
2, 3547
What are the prime factors of 1333172?
2, 23, 43, 337
List the prime factors of 6099494.
2, 19, 151, 1063
List the prime factors of 12355921.
43, 287347
List the prime factors of 425718.
2, 3, 67, 353
List the prime factors of 1927019.
1927019
List the prime factors of 2841768.
2, 3, 29, 1361
What are the prime factors of 20821501?
20821501
What are the prime factors of 276411?
3, 199, 463
List the prime factors of 205693.
53, 3881
List the prime factors of 534266.
2, 267133
List the prime factors of 187260.
2, 3, 5, 3121
List the prime factors of 92465.
5, 18493
List the prime factors of 237612.
2, 3, 19801
What are the prime factors of 9937104?
2, 3, 23, 9001
List the prime factors of 359044.
2, 7, 12823
What are the prime factors of 530964?
2, 3, 7, 43
What are the prime factors of 774447?
3, 37, 6977
List the prime factors of 119252.
2, 7, 4259
What are the prime factors of 91397?
91397
List the prime factors of 1034435.
5, 206887
What are the prime factors of 142016?
2, 7, 317
What are the prime factors of 13011965?
5, 41, 63473
List the prime factors of 988214.
2, 494107
What are the prime factors of 10457236?
2, 37, 70657
List the prime factors of 78704.
2, 4919
List the prime factors of 14943095.
5, 2988619
What are the prime factors of 4985148?
2, 3, 7, 17, 3491
List the prime factors of 26740231.
7, 127, 4297
List the prime factors of 12510159.
3, 4170053
List the prime factors of 803302.
2, 401651
What are the prime factors of 10819618?
2, 941, 5749
List the prime factors of 646740.
2, 3, 5, 3593
What are the prime factors of 2554704?
2, 3, 113, 157
What are the prime factors of 674690?
2, 5, 19, 53, 67
List the prime factors of 18647423.
43, 433661
What are the prime factors of 269281?
269281
What are the prime factors of 166500?
2, 3, 5, 37
List the prime factors of 200010.
2, 3, 5, 59, 113
What are the prime factors of 192828?
2, 3, 16069
List the prime factors of 41803.
17, 2459
What are the prime factors of 474233?
97, 4889
List the prime factors of 147229.
147229
List the prime factors of 1935737.
79, 107, 229
List the prime factors of 2597614.
2, 31, 41897
What are the prime factors of 10196?
2, 2549
What are the prime factors of 3086967?
3, 13, 79153
What are the prime factors of 5641671?
3, 7, 17, 15803
List the prime factors of 226999.
53, 4283
What are the prime factors of 1929346?
2, 281, 3433
List the prime factors of 1444384.
2, 45137
List the prime factors of 177854.
2, 17, 5231
List the prime factors of 12063585.
3, 5, 804239
List the prime factors of 261315.
3, 5, 5807
What are the prime factors of 56157?
3, 18719
List the prime factors of 190480.
2, 5, 2381
What are the prime factors of 888686?
2, 444343
List the prime factors of 5609731.
19, 29, 10181
What are the prime factors of 9807433?
2719, 3607
What are the prime factors of 255461?
23, 29, 383
What are the prime factors of 1842076?
2, 229, 2011
What are the prime factors of 32419852?
2, 19, 89, 4793
What are the prime factors of 7691378?
2, 17, 226217
What are the prime factors of 2334124?
2, 13, 44887
What are the prime factors of 14009921?
17, 23, 35831
List the prime factors of 839027.
7, 17123
List the prime factors of 28422243.
3, 337, 9371
What are the prime factors of 2687032?
2, 335879
What are the prime factors of 6838396?
2, 1709599
What a